valuate -21 - -40 - 14 - (2 + -5).
8
(14 + -2 - -9) + (1 + -8 - 0)
14
Evaluate (468 - 483) + 30 + 0.
15
What is the value of 6 + (-7 - (-6 + -8))?
13
Calculate 19 - (4 - (-8 + -10)).
-3
5 + (-9 + 1 - (-11 + 27 + -11))
-8
Calculate -178 - -172 - (-1 + -2 + 1 + 1).
-5
-4 + -20 + 31 + (-4 + 1 - -18)
22
What is the value of (-22 - (5 - 10)) + (-42 - -25) + 22?
-12
What is (-2 - (-3 - 1)) + 26 + -27 - -13?
14
Calculate 5 - (18 - (0 - 2 - (3 - 7))).
-11
What is (-7 + -6 + 5 - -3) + 14?
9
Evaluate (-1 - 11 - 0 - -8) + 13.
9
34 - (27 - (28 - 21))
14
What is the value of (-107 - -60 - -16) + (1 - -11)?
-19
Evaluate 4 - (-19 + (10 - -12)).
1
What is -6 - ((-12 - -24) + 4)?
-22
(-6 + 6 + -8 - 1) + -4
-13
42 - (56 + 5 + -32)
13
Calculate -19 - (0 + -4) - -19.
4
-24 + (5 - (1 - 13 - -4))
-11
What is the value of (-5 + (-2 - -2) + 5 - -1) + -7?
-6
4 + -2 + -7 + -23 + 28
0
Calculate 4 - (25 + 5 + -11 - -11).
-26
Evaluate -2 + -6 + (-45 - -28) - (0 - 5).
-20
What is the value of -7 + (-4 + -4 - (7 + -5 - 6))?
-11
What is the value of 0 - (2 + (-7 - -3) + 7)?
-5
Evaluate 1 + 12 - (22 + -18 + 5).
4
What is -43 - (-14 + 16 + -25)?
-20
11 + (11 - 10) + -26
-14
Evaluate 1 + -1 - 9 - (1 + (9 - 10)).
-9
What is 12 + -88 + 75 + -5 + 1?
-5
-10 + (4 - 2) - (-12 + (14 - -2))
-12
(1 - -1) + (-13 - -3) + 6
-2
What is 7 + (-11 - (7 + -15 + -1 - -43))?
-38
Calculate (-2 - -5) + 0 + (9 + -16 - -9).
5
What is the value of -24 - ((11 - 9) + -12)?
-14
Evaluate -16 + (2 + -2 - ((37 - 19) + -18)).
-16
-26 + 18 + (1 - -6 - -2) - -4
5
Evaluate -3 + 0 + 4 + 1 - (28 - 20).
-6
Evaluate 21 + 3 - ((5 - (13 - 14)) + 0).
18
(-6 - -8) + -2 - 28 - (2 + -9)
-21
What is the value of (19 - (9 + 17)) + 35?
28
Evaluate 42 - (141 + -153 - (-24 + -1)).
29
Evaluate (5 - -8) + (4 - -1) + -8.
10
Evaluate 0 + (8 - (-3 - -16) - (1 - 11)).
5
-2 + 6 + (-10 - -16) + 3
13
-8 - (2 - (2 - -2) - (553 + -546))
1
(-18 - 4 - -19) + 25
22
What is the value of 6 + -11 - (2 + 0 + 1 + -7)?
-1
What is the value of 8 - (14 + -8 + 3)?
-1
What is the value of 14 + -7 - (10 - 3)?
0
(5 - -7) + -6 - (-1 + 47 + -16)
-24
Calculate 8 + -2 - (-25 + 51 - 9).
-11
Calculate 7 + -9 - ((-6 - -8) + -2 + -1).
-1
Calculate -29 - (7 - (-3 + (8 - 3)) - 7).
-27
What is the value of (25 - (-3 - -15)) + -1?
12
What is 14 - (19 + 1 + -4 - 8)?
6
Calculate -20 + 16 + -8 - (2 + 8).
-22
What is the value of 5 + 14 + -9 - 4 - (2 + 9)?
-5
-3 - (-3 + 8 - (-17 - -28))
3
Evaluate (-5 - 45) + 23 + -12 + 7.
-32
Calculate -1 + 13 + -21 + 1 + 2.
-6
What is the value of -10 - (-19 + 24 - 8 - (-1 + -1))?
-9
(1 + 4 - 4) + -1 - (9 - 11)
2
Evaluate (7 - (31 - 21)) + 13.
10
Evaluate 47 + -34 - (0 + 2 + (0 - -2)).
9
Calculate (-27 - (38 - 66)) + -21.
-20
Calculate -30 + 36 - ((-4 - -2) + 17).
-9
Calculate (5 - 0 - 15) + 21 + 7.
18
What is the value of 0 - 7 - (-3 - (-41 - -35))?
-10
What is 7 + 3 + 2 + (-5 - 12)?
-5
Calculate -2 + 8 + 14 + 3 + -41.
-18
What is 30 + (-18 - 2 - (-12 - 0))?
22
What is (4 - (1 - -3)) + (13 - 5) + -2?
6
Evaluate 17 + (-18 - (-2 + -6)).
7
Evaluate 10 - (28 - 14) - -9.
5
What is 4 + (18 - 11) + 5 + -3?
13
What is the value of 13 + (-8 - (-16 + 7) - 6)?
8
Evaluate (0 - -1) + (-4 - -7) + -6.
-2
What is the value of (7 - 1) + -5 - 5?
-4
What is the value of 10 - 1 - 2 - 8?
-1
-3 + -2 + -2 + (3 - (0 - -2))
-6
1 + 5 - (32 + -52 + 23)
3
What is the value of -9 - (-7 + 2) - (11 - (4 - 9))?
-20
What is 16 + 1 + (11 - 6) + 7?
29
(-10 - (15 + -10)) + 2 + 7
-6
Evaluate -13 + 11 - ((1 - 1) + -2 - 1).
1
What is (15 - 13) + -9 + (12 - -2)?
7
Evaluate -4 - (-13 + 1) - 3.
5
9 - (11 + 1 + -28)
25
What is -9 - (-32 - -51) - -41?
13
(5 - 13 - -11) + -11 + 1
-7
Calculate 5 - ((36 - 44) + -6 + 18).
1
What is the value of (-15 + 17 - 7) + 1 + 0?
-4
Evaluate 11 - (-10 - 2 - -11 - 15).
27
What is the value of 13 + -14 + 3 + -12?
-10
What is -8 + (26 - (-5 - -14))?
9
Calculate -330 - -315 - (-1 - 4).
-10
Evaluate -8 + 29 - 17 - -10.
14
What is the value of -9 + (-2 + 2 - 8) + 20?
3
Calculate (37 - 39) + (2 - 12) + 2.
-10
7 - 19 - -6 - 3 - 2
-11
What is -6 - (-32 + 26 - 11)?
11
What is -10 + -7 + -3 + 11?
-9
What is (-13 + 9 - 6) + 18 + 8?
16
What is the value of 10 + (14 - (-34 + 66))?
-8
Calculate -10 + (4 - (-5 - -4)) - (-10 - -21).
-16
What is 11 + (4 - 25) + 3 + 0?
-7
-11 - (12 - 6) - (-5 + 3)
-15
What is the value of 5 + (33 + -36 - (-2 - 10))?
14
What is the value of -6 - 2 - (-1 - -12 - 8 - 1)?
-10
What is the value of 5 + -15 + 32 - 9?
13
(50 - 57) + (13 - -2)
8
What is the value of (-10 - -12) + 7 - (12 + 4)?
-7
Calculate (-612 - -602) + (7 - 3) + -2.
-8
5 + 0 + -2 + (5 - 1 - 7)
0
-2 - -2 - (9 + -13 + (2 - -8))
-6
What is the value of 34 - 21 - (45 + -4 - 4)?
-24
Calculate 9 + 2 + -37 + 35.
9
(-11 + 6 - 6) + -140 + 130
-21
Calculate 5 + (62 + -31 - 17).
19
What is the value of -1 + 9 + (-7 - -7) + -3?
5
Calculate 15 - (-22 + 56 + -1).
-18
(-6 - 27) + -20 - -12
-41
What is -16 - 7 - (-7 + -2)?
-14
Evaluate 4 - (16 - (41 + -16)).
13
What is the value of -2 + 0 + (8 - -3 - 7)?
2
Calculate (3 + 13 - (48 + -32)) + 11.
11
What is (8 - 16 - 19) + 0 + -1 + 10?
-18
Calculate -5 + 9 - (-3 + (-1 - -13)).
-5
What is 8 - (11 + (-12 - -10 - -1))?
-2
Evaluate 10 + (65 - 39 - (11 - 2)) + -2.
25
Calculate (18 - 1) + (-9 - -4) + -3.
9
What is the value of 2 - (18 + -15 - -37)?
-38
What is -2 + 20 - (0 + 15)?
3
What is the value of 13 + (-5 - ((0 - 3) + 2))?
9
Calculate 1 + 14 + (-28 - -10).
-3
Evaluate (7 - -2 - -2) + (-8 - -4).
7
What is 8 - 18 - (17 - 28)?
1
Evaluate 8 - -14 - 3 - 10 - 29.
-20
-19 + 12 + -7 - (-25 - -13)
-2
24 + 0 - ((-5 - 23) + 24)
28
What is (14 - 18 - -3) + (0 - -2 - -1)?
2
5 + (-2 - (0 + (-8 - -1)))
10
Evaluate -102 + 105 - (0 + -1 + -1).
5
Calculate 3 + 1 - (360 + -367).
11
(-2 + 1 - 0) + (-10 - -29) + -21
-3
What is the value of -3 - (-1 - (1 + -1) - (11 + -13))?
-4
(-6 - 2 - 1) + (-16 + 4 - -48)
27
What is -81 + 67 - (0 + -13)?
-1
Evaluate -1 + (-2 - 8 - -7) + -23.
-27
Calculate (-8 - (-4 - 10)) + (-50 - -25).
-19
Evaluate (-17 - -2) + (9 + -7 - -3) + 1.
-9
4 + 1 + 6 + (10 + 2 - 25)
-2
Evaluate -7 + 13 - ((6 - -5) + -3).
-2
Evaluate -17 - ((13 - -3) + -8).
-25
13 + (2 - 6) - (4 - 0) - 5
0
Calculate 5 + (-10 - (4 + 4 - 4)).
-9
What is (2 + -2 - (-4 - 1 - -11)) + 8?
2
Calculate -11 - (-26 - -26 - -4).
-15
Evaluate 13 + (-11 - 12) + 22.
12
What is the value of -20 + 12 - 5 - -5?
-8
Evaluate 8 + -3 + (-87 - -73).
-9
Evaluate -1 + -21 + 1 - (55 + -61).
-15
What is 16 + (-4 - 21) + 52 + -53?
-10
-287 + 226 + (29 - 1)
-33
What is the value of 30 + (-4 - -11 - 5) + -10?
22
Evaluate -1 + 5 - ((-4 - (-4 - -11)) + 5).
10
What is 326 + -331 + 3 + 3?
1
4 + (-7 - -3) - (-40 + 40)
0
What is the value of -3 - -8 - (-8 - -11 - 18)?
20
(-1 - -8) + (0 + -2 - (-23 + 36))
-8
Evaluate (6 - 39) + 12 - -1.
-20
17 + 0 + (28 - 15) + -23
7
What is 3 - 13 - 27 - -13?
-24
22 - (12 + 19) - ((-13 - -1) + -5)
8
(0 - -8) + (-26 - (-18 + 20) - -29)
9
Evaluate 10 - (-46 + 33 - -16).
7
Evaluate (12 - 20) + -3 - -9 - 11.
-13
Evaluate (23 - 29 - (3 - 4)) + 17 + 0.
12
Evaluate 11 + (10 + 1 - (59 + 2 + -6)).
-33
Calculate (8 - 27 - -10 - -16) + -15.
-8
What is -60 + 41 + (23 - 1)?
3
Evaluate (-2 - -12) + -4 + -32 + 4 + 8.
-14
Evaluate -4 - (14 - (-9 + 41) - -28).
-14
Calculate (62 - 71) + 20 + -5.
6
What is (15 - (4 + 0)) + -87 + 82?
6
Evaluate -3 + 2 + -1 - (0 - 13 - -11).
0
What is the value of 8 - ((-15 - -13) + 23 + 3)?
-16
Evaluate (-4 - (-3 + 1) - 6) + 41 + -30.
3
What is (-6 - 1) + 25 + 23 + -47 - -12?
6
Calculate -4 + (0 - -7) + -24 + (6 - 3).
-18
Evaluate (6 - ((-8 - -7) + -4)) + 3.
14
Evaluate 1 - ((-32 + 35 - (-1 + 3)) + 20).
-20
Evaluate 4 - ((-9 - -2) + -1 + 11).
1
-8 + (9 - 7 - -8) - (-14 - 0)
16
What is (1 - 3) + 7 - 13?
-8
Calculate (398 - 423) + (11 - -4).
-10
Evaluate -9 + 19 + -9 - 0.
1
Evaluate (43 - (29 - -29)) + 2 + -8.
-21
Evaluate -15 - (16 + -4 - (-30 + 62)).
5
What is the value of (26 - -2 - 18) + -13 + 36?
33
-6 + 23 + -2 - 16
-1
(21 - 13) + 17 + (-1 - 6) + -7
11
-3 - ((19 - 5 - 6) + -5 + 13)
-19
What is 7 - (-1 + -15 - -12) - -13?
24
Calculate 3 - 0 - (3 + -11 + 12 + -9).
8
What is -17 + -5 + 1 + 12 + -5?
-14
What is the value of (-5 - (-3 + (3 - (16 + -7)))) + 0?
4
What is the value of 7 - (-30 + (-44 - -72))?
9
What is (-11 - 0) + (-199 - -222)?
